5 a factor of 13321755?
True
Does 10 divide 1535043617?
False
Is 3948034942 a multiple of 24?
False
Is 1113 a factor of 60793173?
True
Is 59818132 a multiple of 1114?
False
Is 467405316 a multiple of 1764?
True
Is 33403752 a multiple of 216?
True
Does 109 divide 8651567?
False
Is 505 a factor of 563339620?
True
Does 272 divide 7335037?
False
Is 1686660794 a multiple of 322?
True
Is 47585755 a multiple of 19?
False
Is 29800240 a multiple of 274?
True
Is 21166486 a multiple of 11?
True
Is 4 a factor of 11944861?
False
Does 5607 divide 5327691274?
False
Is 322139712 a multiple of 24?
True
Is 3 a factor of 4894062?
True
Does 13 divide 36957180?
True
Is 60 a factor of 226780140?
True
Is 4500739 a multiple of 23?
False
Is 236091733 a multiple of 349?
False
Does 288 divide 4883328?
True
Is 4686 a factor of 92257968?
True
Is 1376647350 a multiple of 26?
True
Is 1321209631 a multiple of 829?
True
Is 115990986 a multiple of 581?
False
Is 252306 a multiple of 15?
False
Is 165813153 a multiple of 108?
False
Is 70187163 a multiple of 2813?
True
Does 13771 divide 222376245?
False
Is 18 a factor of 30353402?
False
Is 2370084392 a multiple of 116?
True
Does 13 divide 1532015593?
False
Does 22 divide 305347614?
True
Is 75672230 a multiple of 34?
False
Is 18 a factor of 8239806?
True
Does 14 divide 49952392?
True
Does 1193 divide 142586167?
True
Is 50 a factor of 53964834?
False
Is 651501164 a multiple of 28?
False
Is 18 a factor of 968089032?
True
Does 8796 divide 4050945024?
True
Is 46 a factor of 99978846?
False
Is 1276 a factor of 3599332?
False
Is 4352300 a multiple of 7?
False
Does 127 divide 19839940?
True
Is 12 a factor of 19084436?
False
Does 13 divide 119931032?
True
Is 7499 a factor of 549964510?
False
Is 2629493600 a multiple of 160?
True
Is 49836290 even?
True
Is 9 a factor of 550602779?
False
Is 1326747591 a multiple of 2703?
False
Is 3483 a factor of 605627523?
True
Does 711 divide 81880182?
True
Is 23 a factor of 39816142?
False
Is 266049387 a multiple of 9?
True
Is 387147961 a multiple of 28?
False
Is 371 a factor of 30966956?
False
Is 144456125 a multiple of 3389?
True
Is 145616686 a multiple of 476?
False
Does 1684 divide 15654519?
False
Does 10 divide 1325851153?
False
Does 18 divide 495462345?
False
Is 2120 a factor of 49824240?
True
Does 1028 divide 333727370?
False
Does 2 divide 11480325?
False
Is 167581197 a multiple of 63?
True
Does 33 divide 60620892?
False
Is 5366021607 a multiple of 111?
True
Is 15415199 a multiple of 612?
False
Is 1020019266 a multiple of 242?
False
Is 424765952 a multiple of 22?
False
Is 8834910 a multiple of 6?
True
Is 241461642 a multiple of 12?
False
Is 231685712 a multiple of 148?
True
Is 39774847 a multiple of 239?
False
Is 223995331 a multiple of 371?
True
Does 4 divide 6480804?
True
Does 282 divide 866371962?
True
Does 19 divide 44497753?
True
Is 199 a factor of 28606586?
False
Is 478 a factor of 1054365708?
True
Does 154 divide 28689584?
True
Does 7 divide 20820547?
False
Is 334119323 a multiple of 19?
False
Is 1223439 a multiple of 447?
True
Is 24969097 a multiple of 63?
False
Is 270 a factor of 35484836?
False
Does 154 divide 76353046?
True
Is 177 a factor of 43278460?
False
Does 17 divide 2787752?
False
Does 37 divide 1291661648?
False
Is 519369610 a multiple of 24?
False
Does 714 divide 903711954?
False
Does 2991 divide 102977179?
False
Is 226 a factor of 520869930?
False
Is 1698 a factor of 273192918?
True
Is 18 a factor of 17948304?
True
Does 91 divide 827099?
True
Does 10 divide 76990162?
False
Does 4126 divide 27173836?
True
Does 11 divide 79610301?
False
Is 94121410 a multiple of 86?
True
Is 137770977 a multiple of 1495?
False
Does 161 divide 434884023?
True
Is 38860458 a multiple of 4394?
False
Is 878 a factor of 15553788?
False
Does 460 divide 458912100?
True
Does 1721 divide 4768891?
True
Is 207 a factor of 3239997087?
False
Does 745 divide 54589875?
True
Is 909 a factor of 101825271?
True
Is 50 a factor of 12853614?
False
Is 1745732580 a multiple of 515?
True
Is 15 a factor of 451302398?
False
Does 11352 divide 314228449?
False
Is 845865216 a multiple of 2304?
True
Is 37 a factor of 145254344?
False
Is 85273839 a multiple of 21?
True
Is 258 a factor of 26057581?
False
Does 34 divide 128388454?
True
Is 215451666 a multiple of 94?
True
Is 10336532 a multiple of 906?
False
Does 10 divide 7989880?
True
Is 133 a factor of 352993970?
True
Does 67 divide 444964085?
True
Is 1146453502 a multiple of 2213?
True
Is 751699393 a multiple of 4?
False
Does 319 divide 2627002?
False
Is 253 a factor of 352215468?
True
Is 19 a factor of 2171843321?
False
Is 5 a factor of 287131885?
True
Does 2807 divide 506422098?
True
Is 1268 a factor of 20152324?
True
Is 642 a factor of 382706472?
True
Is 1693 a factor of 100539664?
False
Is 104283 a multiple of 9?
True
Does 387 divide 35827878?
False
Is 47 a factor of 28079774?
True
Is 957 a factor of 237383186?
False
Does 189 divide 70144769?
False
Is 250 a factor of 242463500?
True
Is 10913151 a multiple of 3?
True
Is 55 a factor of 5016610?
False
Is 160 a factor of 253309920?
True
Is 26 a factor of 127365212?
True
Is 26219144 a multiple of 230?
False
Is 118131265 a multiple of 204?
False
Does 587 divide 1062373732?
True
Is 731829295 a multiple of 577?
True
Does 922 divide 46777672?
False
Is 100 a factor of 34455782?
False
Does 35 divide 2966527?
False
Does 2692 divide 1201051359?
False
Does 31 divide 701567397?
False
Is 22028686 a multiple of 122?
True
Is 1735937677 a multiple of 1392?
False
Is 25108788 a multiple of 438?
True
Is 85640921 a multiple of 2870?
False
Does 88 divide 13263888?
True
Is 11 a factor of 605759991?
False
Does 195 divide 24632652?
False
Is 18 a factor of 41760792?
True
Is 22999094 a multiple of 713?
False
Does 140 divide 217904743?
False
Is 7777806 a multiple of 205?
False
Is 645160699 a multiple of 814?
False
Is 126 a factor of 402987690?
True
Is 5 a factor of 4137355?
True
Is 72639515 a multiple of 13?
True
Is 11 a factor of 42937180?
True
Is 844 a factor of 109538540?
True
Is 7161104 a multiple of 3?
False
Is 6879095 a multiple of 301?
False
Is 35 a factor of 89634192?
False
Does 2390 divide 1416593689?
False
Does 37 divide 34584418?
True
Is 8279883 a multiple of 9?
True
Does 94 divide 1445765214?
True
Does 1062 divide 150782760?
True
Does 1087 divide 1618434300?
True
Is 4 a factor of 48377579?
False
Is 158889840 a multiple of 116?
True
Is 2654702135 a multiple of 45?
False
Does 193 divide 224517348?
False
Is 260 a factor of 136790160?
True
Is 41 a factor of 1044521283?
False
Is 11079717 a multiple of 2?
False
Does 174 divide 3262311384?
True
Does 28 divide 1209714506?
False
Is 713 a factor of 30008031?
True
Is 46621912 a multiple of 1884?
False
Does 678 divide 308579496?
True
Is 89921776 a multiple of 4?
True
Does 33 divide 33699732?
True
Is 57 a factor of 348488294?
False
Is 120 a factor of 59235922?
False
Is 51479623 a multiple of 403?
True
Is 1746123622 a multiple of 1942?
False
Is 274 a factor of 56252909?
False
Does 23 divide 698288341?
False
Does 16 divide 1485376?
True
Does 5 divide 7205986?
False
Does 3 divide 459728433?
True
Is 30871054 a multiple of 90?
False
Is 51 a factor of 32408409?
True
Is 131475561 a multiple of 25?
False
Does 165 divide 516331860?
True
Is 1201609851 a multiple of 1854?
False
Is 487 a factor of 58005109?
True
Is 2125880 a multiple of 63?
False
Is 1150 a factor of 66940350?
True
Does 100 divide 450653000?
True
Is 434 a factor of 201516181?
False
Does 8 divide 3044104?
True
Does 241 divide 6651592?
False
Is 23540055 a multiple of 89?
True
Is 76 a factor of 521798201?
False
Does 49 divide 12347265?
True
Does 1767 divide 3952068666?
True
Does 416 divide 673074688?
True
Is 3752 a factor of 473151249?
False
Is 33845118 a multiple of 3782?
True
Does 942 divide 434242641?
False
Does 43 divide 33763901?
True
Is 14 a factor of 638684?
False
Is 233 a factor of 19271341?
False
Is 244 a factor of 1427514192?
True
Is 54220548 a multiple of 400?
False
Is 553419479 a multiple of 323?
True
Is 63914431 a multiple of 258?
False
Does 6 divide 3313000?
False
Is 12 a factor of 228751977?
False
Is 14 a factor of 2689779?
False
Is 698 a factor of 61882165?
False
Is 94029076 a multiple of 101?
False
Is 76 a factor of 106268601?
False